{"id":143,"date":"2026-05-14T19:07:02","date_gmt":"2026-05-14T12:07:02","guid":{"rendered":"https:\/\/hubet.wine\/index.php\/the-thao-hubet\/"},"modified":"2026-05-14T19:07:02","modified_gmt":"2026-05-14T12:07:02","slug":"the-thao-hubet","status":"publish","type":"page","link":"https:\/\/hubet.wine\/index.php\/the-thao-hubet\/","title":{"rendered":"Th\u1ec3 Thao Hubet &#8211; M\u1edf Ra Th\u1ebf Gi\u1edbi C\u00e1 \u0110\u1ed9 H\u1ea5p D\u1eabn D\u00e0nh Cho B\u1ea1n"},"content":{"rendered":"<div class=\"row\" id=\"row-995577584\">\n<div id=\"col-1459074507\" class=\"col medium-3 small-12 large-3\">\n<div class=\"col-inner\">\n<div id=\"text-2860876644\" class=\"text khung\">\n<div class=\"trang-chu\">\n<p style=\"text-align: center;\"><strong><span class=\"widget-title\">\u2705TH\u00d4NG TIN<\/span><\/strong><\/p>\n<div class=\"textwidget\">\n<ul>\n<li><strong>Th\u01b0\u01a1ng hi\u1ec7u: <a href=\"https:\/\/hubet.wine\/\">HUBET<\/a><\/strong><\/li>\n<li><strong>Danh M\u1ee5c:<\/strong> C\u00e1 C\u01b0\u1ee3c Tr\u1ef1c Tuy\u1ebfn<\/li>\n<li><strong>S\u1ea3n Ph\u1ea9m Ch\u1ee7 \u0110\u1ea1o:<\/strong> Casino Online<\/li>\n<li><strong>N\u0103m Th\u00e0nh L\u1eadp:<\/strong> 2019<\/li>\n<li><strong>\u0110\u1ecba ch\u1ec9<\/strong>: 03 L\u00ea Thanh Ngh\u1ecb, Ho\u00e0 C\u01b0\u1eddng B\u1eafc, H\u1ea3i Ch\u00e2u, \u0110\u00e0 N\u1eb5ng 50000, Vi\u1ec7t Nam<\/li>\n<li><strong>Email: <\/strong>support@xoi.us.com<strong><br \/><\/strong><\/li>\n<li><b>Hotline: 0375 704 385<\/b><\/li>\n<li><strong>Website<\/strong>: <a href=\"https:\/\/hubet.wine\/\"><strong>https:\/\/xoi.us.com\/<\/strong><\/a><\/li>\n<li><strong>Hashtag: <\/strong>#hubet #hubetdecom #hu_bet #hubet_casino\u00a0 #CasinoOnline #T\u00e0iX\u1ec9u<\/li>\n<\/ul>\n<\/div>\n<\/div><\/div>\n<div id=\"text-1566573039\" class=\"text khung\">\n<div class=\"trang-chu\">\n<div style=\"text-align: center;\"><strong>\u00a0\u2705S\u1ea2N PH\u1ea8M<\/strong><\/div>\n<ul>\n<li><a href=\"https:\/\/hubet.wine\/casino-hubet\/\"><strong>Casino<\/strong><\/a><\/li>\n<li><a href=\"https:\/\/hubet.wine\/the-thao-hubet\/\"><strong>Th\u1ec3 Thao<\/strong><\/a><\/li>\n<li><a href=\"https:\/\/hubet.wine\/no-hu-hubet\/\"><strong>N\u1ed5 H\u0169<\/strong><\/a><\/li>\n<li><a href=\"https:\/\/hubet.wine\/ban-ca-hubet\/\"><strong>B\u1eafn C\u00e1<\/strong><\/a><\/li>\n<li><a href=\"https:\/\/hubet.wine\/da-ga-hubet\/\"><strong>\u0110\u00e1 G\u00e0<\/strong><\/a><\/li>\n<li><a href=\"https:\/\/hubet.wine\/xo-so-hubet\/\"><strong>X\u1ed5 S\u1ed1<\/strong><\/a><\/li>\n<\/ul>\n<\/div><\/div>\n<\/p><\/div>\n<\/p><\/div>\n<div id=\"col-756688592\" class=\"col medium-9 small-12 large-9\">\n<div class=\"col-inner\">\n<p><a href=\"https:\/\/hubet.wine\/the-thao-hubet\/\"><b>Th\u1ec3 thao Hubet<\/b><\/a><span style=\"font-weight: 400;\"> \u0111\u01b0\u1ee3c xem l\u00e0 m\u1ed9t s\u00e2n ch\u01a1i c\u00e1 c\u01b0\u1ee3c si\u00eau uy t\u00edn, thu h\u00fat kh\u00f4ng ch\u1ec9 c\u1ed9ng \u0111\u1ed3ng \u0111am m\u00ea \u0111\u1ecf \u0111en t\u1ea1i Vi\u1ec7t Nam m\u00e0 c\u00f2n g\u00e2y \u1ea5n t\u01b0\u1ee3ng m\u1ea1nh v\u1edbi \u0111\u00f4ng \u0111\u1ea3o kh\u00e1ch h\u00e0ng qu\u1ed1c t\u1ebf. N\u1ec1n t\u1ea3ng c\u1ee7a <\/span><a href=\"https:\/\/hubet.wine\/\"><b>Hubet<\/b><\/a><span style=\"font-weight: 400;\"> kh\u00f4ng ch\u1ec9 mang \u0111\u1ebfn c\u01a1 h\u1ed9i theo d\u00f5i nh\u1eefng tr\u1eadn c\u1ea7u k\u1ecbch t\u00ednh m\u00e0 c\u00f2n trao tay h\u1ed9i vi\u00ean nhi\u1ec1u ph\u1ea7n th\u01b0\u1edfng gi\u00e1 tr\u1ecb. H\u00e3y c\u00f9ng kh\u00e1m ph\u00e1 th\u1ebf gi\u1edbi s\u00f4i \u0111\u1ed9ng c\u1ee7a nh\u00e0 c\u00e1i qua nh\u1eefng chia s\u1ebb trong b\u00e0i vi\u1ebft sau.<\/span><\/p>\n<h2><b>\u0110\u00f4i n\u00e9t b\u1ea1n c\u1ea7n bi\u1ebft v\u1ec1 s\u1ea3nh game th\u1ec3 thao Hubet<\/b><\/h2>\n<figure id=\"attachment_631\" aria-describedby=\"caption-attachment-631\" style=\"width: 800px\" class=\"wp-caption aligncenter\"><img title=\"\u0110\u00f4i n\u00e9t v\u1ec1 s\u1ea3nh game th\u1ec3 thao Hubet\" loading=\"lazy\" decoding=\"async\" class=\"size-full wp-image-631\" src=\"https:\/\/hubet.wine\/wp-content\/uploads\/2026\/05\/the-thao-hubet-1.webp\" alt=\"\u0110\u00f4i n\u00e9t v\u1ec1 s\u1ea3nh game th\u1ec3 thao Hubet\" width=\"800\" height=\"450\"><figcaption id=\"caption-attachment-631\" class=\"wp-caption-text\">\u0110\u00f4i n\u00e9t v\u1ec1 s\u1ea3nh game th\u1ec3 thao Hubet<\/figcaption><\/figure>\n<p><span style=\"font-weight: 400;\">C\u00e1 c\u01b0\u1ee3c <\/span><b>th\u1ec3 thao Hubet<\/b><span style=\"font-weight: 400;\"> mang \u0111\u1ebfn c\u01a1 h\u1ed9i d\u1ef1 \u0111o\u00e1n k\u1ebft qu\u1ea3 cu\u1ed1i c\u00f9ng c\u1ee7a c\u00e1c tr\u1eadn \u0111\u1ea5u, v\u1edbi t\u1ef7 l\u1ec7 k\u00e8o do h\u1ec7 th\u1ed1ng \u0111\u01b0a ra. Kh\u00e1ch h\u00e0ng c\u00f3 th\u1ec3 tham gia \u0111\u1eb7t ti\u1ec1n tr\u00ean nhi\u1ec1u m\u00f4n th\u1ec3 thao kh\u00e1c nhau, t\u1eeb b\u00f3ng \u0111\u00e1, b\u00f3ng r\u1ed5, b\u00f3ng chuy\u1ec1n \u0111\u1ebfn v\u00f4 s\u1ed1 b\u1ed9 m\u00f4n si\u00eau hot kh\u00e1c. N\u1ebfu d\u1ef1 \u0111o\u00e1n ch\u00ednh x\u00e1c, ph\u1ea7n th\u01b0\u1edfng b\u1ea1n nh\u1eadn \u0111\u01b0\u1ee3c s\u1ebd t\u01b0\u01a1ng \u1ee9ng v\u1edbi t\u1ef7 l\u1ec7 c\u01b0\u1ee3c \u0111\u00e3 ch\u1ecdn, ng\u01b0\u1ee3c l\u1ea1i, n\u1ebfu sai, s\u1ed1 ti\u1ec1n \u0111\u00e3 b\u1ecf ra ban \u0111\u1ea7u s\u1ebd b\u1ecb m\u1ea5t tr\u1eafng.<\/span><\/p>\n<p><span style=\"font-weight: 400;\">\u0110\u1ed1i v\u1edbi nh\u1eefng ai m\u1edbi b\u1eaft \u0111\u1ea7u tham gia c\u00e1 c\u01b0\u1ee3c th\u1ec3 thao t\u1ea1i Hubet, s\u1ef1 phong ph\u00fa c\u1ee7a c\u00e1c gi\u1ea3i \u0111\u1ea5u v\u00e0 t\u1ef7 l\u1ec7 c\u01b0\u1ee3c c\u00f3 th\u1ec3 khi\u1ebfn b\u1ea1n c\u1ea3m th\u1ea5y b\u1ed1i r\u1ed1i. Tuy nhi\u00ean, ch\u1ec9 c\u1ea7n d\u00e0nh th\u1eddi gian t\u00ecm hi\u1ec3u, b\u1ea1n s\u1ebd nhanh ch\u00f3ng nh\u1eadn ra s\u1ef1 h\u1ea5p d\u1eabn m\u00e0 nh\u1eefng h\u00ecnh th\u1ee9c c\u00e1 \u0111\u1ed9 n\u00e0y mang l\u1ea1i. H\u00e3y ti\u1ebfp t\u1ee5c kh\u00e1m ph\u00e1 \u0111\u1ec3 tr\u1ea3i nghi\u1ec7m nh\u1eefng \u0111i\u1ec1u th\u00fa v\u1ecb!<\/span><\/p>\n<h2><b>T\u1ed5ng h\u1ee3p nh\u1eefng b\u1ed9 m\u00f4n hot nh\u1ea5t t\u1ea1i th\u1ec3 thao Hubet<\/b><\/h2>\n<figure id=\"attachment_632\" aria-describedby=\"caption-attachment-632\" style=\"width: 800px\" class=\"wp-caption aligncenter\"><img title=\"T\u1ed5ng h\u1ee3p nh\u1eefng b\u1ed9 m\u00f4n hot\" loading=\"lazy\" decoding=\"async\" class=\"size-full wp-image-632\" src=\"https:\/\/hubet.wine\/wp-content\/uploads\/2026\/05\/the-thao-hubet-2.webp\" alt=\"T\u1ed5ng h\u1ee3p nh\u1eefng b\u1ed9 m\u00f4n hot\" width=\"800\" height=\"450\"><figcaption id=\"caption-attachment-632\" class=\"wp-caption-text\">T\u1ed5ng h\u1ee3p nh\u1eefng b\u1ed9 m\u00f4n hot<\/figcaption><\/figure>\n<p><span style=\"font-weight: 400;\">S\u1ea3nh th\u1ec3 thao c\u1ee7a Hubet m\u1edf ra m\u1ed9t kh\u00f4ng gian c\u00e1 c\u01b0\u1ee3c phong ph\u00fa, \u0111\u1ea7y l\u00f4i cu\u1ed1n. T\u1ea1i \u0111\u00e2y, kh\u00e1ch h\u00e0ng c\u00f3 th\u1ec3 tham gia v\u00e0o c\u00e1c b\u1ed9 m\u00f4n si\u00eau th\u00fa v\u1ecb, bao g\u1ed3m:<\/span><\/p>\n<h3><b>B\u1ed9 m\u00f4n \u0111\u00f3ng \u0111\u00e1<\/b><\/h3>\n<p><span style=\"font-weight: 400;\">T\u1ea1i<\/span><b> th\u1ec3 thao Hubet<\/b><span style=\"font-weight: 400;\">, b\u00f3ng \u0111\u00e1 lu\u00f4n l\u00e0 m\u1ed9t trong nh\u1eefng b\u1ed9 m\u00f4n thu h\u00fat l\u01b0\u1ee3ng l\u1edbn kh\u00e1ch h\u00e0ng theo d\u00f5i v\u00e0 tham gia c\u00e1 c\u01b0\u1ee3c. H\u1ed9i vi\u00ean c\u00f3 th\u1ec3 \u0111\u1eb7t ti\u1ec1n v\u00e0o c\u00e1c gi\u1ea3i \u0111\u1ea5u h\u00e0ng \u0111\u1ea7u to\u00e0n c\u1ea7u nh\u01b0 Premier League, La Liga, Serie A v\u00e0 nhi\u1ec1u gi\u1ea3i \u0111\u1ea5u kh\u00e1c. K\u1ebft qu\u1ea3 c\u1ee7a c\u00e1c tr\u1eadn \u0111\u1ea5u \u0111\u01b0\u1ee3c c\u1eadp nh\u1eadt li\u00ean t\u1ee5c, v\u1edbi nhi\u1ec1u l\u1ef1a ch\u1ecdn c\u01b0\u1ee3c h\u1ea5p d\u1eabn nh\u01b0 d\u1ef1 \u0111o\u00e1n k\u1ebft qu\u1ea3 tr\u1eadn \u0111\u1ea5u, t\u1ef7 s\u1ed1 ch\u00ednh x\u00e1c, c\u1ea7u th\u1ee7 ghi b\u00e0n v\u00e0 r\u1ea5t nhi\u1ec1u k\u00e8o kh\u00e1c. S\u1ef1 phong ph\u00fa n\u00e0y c\u00e0ng l\u00e0m t\u0103ng s\u1ee9c h\u1ea5p d\u1eabn, mang \u0111\u1ebfn cho th\u00e0nh vi\u00ean c\u1ee7a nh\u00e0 c\u00e1i c\u01a1 h\u1ed9i th\u1eafng l\u1edbn.<\/span><\/p>\n<h3><b>B\u1ed9 m\u00f4n b\u00f3ng r\u1ed5<\/b><\/h3>\n<p><span style=\"font-weight: 400;\">B\u00f3ng r\u1ed5 l\u00e0 m\u1ed9t trong nh\u1eefng m\u00f4n th\u1ec3 thao \u0111\u01b0\u1ee3c \u01b0a chu\u1ed9ng th\u1ee9 hai t\u1ea1i nh\u00e0 c\u00e1i c\u1ee7a ch\u00fang t\u00f4i. H\u1ed9i vi\u00ean c\u00f3 th\u1ec3 tham gia c\u00e1 \u0111\u1ed9 v\u00e0 theo d\u00f5i tr\u1ef1c ti\u1ebfp c\u00e1c gi\u1ea3i \u0111\u1ea5u l\u1edbn. C\u00e1c k\u1ebft qu\u1ea3 tr\u1eadn \u0111\u1ea5u \u0111\u01b0\u1ee3c c\u1eadp nh\u1eadt ngay l\u1eadp t\u1ee9c, v\u1edbi nhi\u1ec1u l\u1ef1a ch\u1ecdn c\u01b0\u1ee3c nh\u01b0 d\u1ef1 \u0111o\u00e1n k\u1ebft qu\u1ea3, t\u1ef7 s\u1ed1 ch\u00ednh x\u00e1c, c\u1ea7u th\u1ee7 ghi \u0111i\u1ec3m, c\u00f9ng c\u00e1c k\u00e8o c\u00e1 c\u01b0\u1ee3c \u0111a d\u1ea1ng kh\u00e1c.<\/span><\/p>\n<h3><b>B\u1ed9 m\u00f4n b\u00f3ng chuy\u1ec1n<\/b><\/h3>\n<p><span style=\"font-weight: 400;\">B\u00f3ng chuy\u1ec1n t\u1ea1i <\/span><b>th\u1ec3 thao Hubet <\/b><span style=\"font-weight: 400;\">l\u00e0 m\u1ed9t trong nh\u1eefng b\u1ed9 m\u00f4n \u0111\u01b0\u1ee3c r\u1ea5t nhi\u1ec1u ng\u01b0\u1eddi y\u00eau th\u00edch, v\u1edbi c\u00e1c gi\u1ea3i \u0111\u1ea5u h\u1ea5p d\u1eabn nh\u01b0 V-League, World Cup, Olympic v\u00e0 nhi\u1ec1u gi\u1ea3i \u0111\u1ea5u kh\u00e1c. Kh\u00e1ch h\u00e0ng c\u00f3 th\u1ec3 tham gia c\u00e1 c\u01b0\u1ee3c v\u1edbi \u0111a d\u1ea1ng c\u00e1c lo\u1ea1i k\u00e8o c\u00f3 s\u1eb5n tr\u00ean h\u1ec7 th\u1ed1ng. \u0110i\u1ec1u \u0111\u00f3 kh\u00f4ng ch\u1ec9 t\u0103ng c\u01a1 h\u1ed9i chi\u1ebfn th\u1eafng m\u00e0 c\u00f2n m\u1edf ra c\u01a1 h\u1ed9i ki\u1ebfm l\u1eddi l\u1edbn cho anh em.<\/span><\/p>\n<h3><b>B\u1ed9 m\u00f4n b\u00f3ng n\u00e9m<\/b><\/h3>\n<p><span style=\"font-weight: 400;\">B\u00f3ng n\u00e9m, m\u1eb7c d\u00f9 \u00edt \u0111\u01b0\u1ee3c bi\u1ebft \u0111\u1ebfn t\u1ea1i<\/span><b> th\u1ec3 thao Hubet<\/b><span style=\"font-weight: 400;\">, l\u1ea1i mang \u0111\u1ebfn m\u1ed9t tr\u1ea3i nghi\u1ec7m c\u1ef1c k\u1ef3 th\u00fa v\u1ecb. Kh\u00e1ch h\u00e0ng kh\u00f4ng ch\u1ec9 c\u00f3 th\u1ec3 theo d\u00f5i c\u00e1c tr\u1eadn \u0111\u1ea5u tr\u1ef1c tuy\u1ebfn, m\u00e0 c\u00f2n tham gia c\u00e1 c\u01b0\u1ee3c v\u00e0o c\u00e1c gi\u1ea3i \u0111\u1ea5u l\u1edbn v\u1edbi nhi\u1ec1u l\u1ef1a ch\u1ecdn \u0111\u1eb7t c\u01b0\u1ee3c. C\u00e1c l\u1ef1a ch\u1ecdn c\u01b0\u1ee3c c\u00f3 th\u1ec3 bao g\u1ed3m t\u1ed5ng s\u1ed1 \u0111i\u1ec3m ghi \u0111\u01b0\u1ee3c, t\u1ef7 s\u1ed1 tr\u1eadn \u0111\u1ea5u v\u00e0 r\u1ea5t nhi\u1ec1u k\u00e8o kh\u00e1c.<\/span><\/p>\n<h3><b>Kh\u00fac c\u00f4n c\u1ea7u<\/b><\/h3>\n<p><span style=\"font-weight: 400;\">Kh\u00fac c\u00f4n c\u1ea7u, d\u00f9 \u00edt ph\u1ed5 bi\u1ebfn h\u01a1n, v\u1eabn mang \u0111\u1ebfn nh\u1eefng tr\u1ea3i nghi\u1ec7m th\u00fa v\u1ecb t\u1ea1i s\u1ea3nh th\u1ec3 thao c\u1ee7a nh\u00e0 c\u00e1i Hubet. Kh\u00e1ch h\u00e0ng c\u00f3 th\u1ec3 tham gia c\u00e1 \u0111\u1ed9 v\u00e0o c\u00e1c gi\u1ea3i \u0111\u1ea5u l\u1edbn nh\u01b0 World Cup, SEA Games, v\u1edbi nhi\u1ec1u l\u1ef1a ch\u1ecdn c\u01b0\u1ee3c h\u1ea5p d\u1eabn, bao g\u1ed3m d\u1ef1 \u0111o\u00e1n k\u1ebft qu\u1ea3, t\u1ef7 s\u1ed1 ch\u00ednh x\u00e1c, v\u00e0 c\u00e1c k\u00e8o kh\u00e1c. C\u01a1 h\u1ed9i gi\u00e0nh chi\u1ebfn th\u1eafng l\u1edbn kh\u00f4ng ch\u1ec9 t\u1ea1o n\u00ean s\u1ef1 h\u1ea5p d\u1eabn cho ng\u01b0\u1eddi xem m\u00e0 c\u00f2n mang l\u1ea1i c\u01a1 h\u1ed9i ki\u1ebfm l\u1eddi cho h\u1ecd.<\/span><\/p>\n<h2><b>C\u00e1c b\u01b0\u1edbc tham gia c\u00e1 c\u01b0\u1ee3c th\u1ec3 thao Hubet \u0111\u01a1n gi\u1ea3n nh\u1ea5t<\/b><\/h2>\n<figure id=\"attachment_633\" aria-describedby=\"caption-attachment-633\" style=\"width: 800px\" class=\"wp-caption aligncenter\"><img title=\"C\u00e1c b\u01b0\u1edbc tham gia c\u00e1 c\u01b0\u1ee3c\" loading=\"lazy\" decoding=\"async\" class=\"size-full wp-image-633\" src=\"https:\/\/hubet.wine\/wp-content\/uploads\/2026\/05\/the-thao-hubet-3.webp\" alt=\"C\u00e1c b\u01b0\u1edbc tham gia c\u00e1 c\u01b0\u1ee3c\" width=\"800\" height=\"450\"><figcaption id=\"caption-attachment-633\" class=\"wp-caption-text\">C\u00e1c b\u01b0\u1edbc tham gia c\u00e1 c\u01b0\u1ee3c<\/figcaption><\/figure>\n<p><span style=\"font-weight: 400;\">Hi\u1ec7n nay, vi\u1ec7c ti\u1ebfp c\u1eadn c\u00e1c n\u1ec1n t\u1ea3ng c\u00e1 c\u01b0\u1ee3c tr\u1ef1c tuy\u1ebfn di\u1ec5n ra v\u00f4 c\u00f9ng \u0111\u01a1n gi\u1ea3n. D\u01b0\u1edbi \u0111\u00e2y l\u00e0 lo\u1ea1t b\u01b0\u1edbc h\u01b0\u1edbng d\u1eabn c\u1ee5 th\u1ec3, h\u1ed7 tr\u1ee3 b\u1ea1n tham gia c\u00e1 \u0111\u1ed9 th\u1ec3 thao t\u1ea1i h\u1ec7 th\u1ed1ng Hubet m\u1ed9t c\u00e1ch tr\u01a1n tru v\u00e0 d\u1ec5 d\u00e0ng h\u01a1n bao gi\u1edd h\u1ebft:<\/span><\/p>\n<h3><b>B\u01b0\u1edbc 1: \u0110\u0103ng k\u00fd t\u00e0i kho\u1ea3n<\/b><\/h3>\n<p><span style=\"font-weight: 400;\">\u0110\u1ec3 kh\u1edfi \u0111\u1ed9ng h\u00e0nh tr\u00ecnh c\u00e1 c\u01b0\u1ee3c<\/span><b> th\u1ec3 thao Hubet<\/b><span style=\"font-weight: 400;\">, vi\u1ec7c \u0111\u1ea7u ti\u00ean b\u1ea1n c\u1ea7n l\u00e0m l\u00e0 truy c\u1eadp v\u00e0o website ch\u00ednh th\u1ee9c c\u1ee7a nh\u00e0 c\u00e1i. Ngay khi v\u00e0o trang, h\u00e3y k\u00e9o xu\u1ed1ng ph\u00eda cu\u1ed1i \u0111\u1ec3 t\u00ecm v\u00e0 nh\u1ea5n ch\u1ecdn m\u1ee5c \u201c\u0110\u0103ng k\u00fd\u201d. T\u1ea1i \u0111\u00e2y, b\u1ea1n s\u1ebd \u0111\u01b0\u1ee3c y\u00eau c\u1ea7u cung c\u1ea5p \u0111\u1ea7y \u0111\u1ee7 c\u00e1c th\u00f4ng tin c\u00e1 nh\u00e2n theo bi\u1ec3u m\u1eabu c\u00f3 s\u1eb5n. Khi \u0111\u00e3 ho\u00e0n t\u1ea5t vi\u1ec7c \u0111i\u1ec1n th\u00f4ng tin, ch\u1ec9 c\u1ea7n b\u1ea5m \u201cX\u00e1c nh\u1eadn \u0111\u0103ng k\u00fd\u201d l\u00e0 t\u00e0i kho\u1ea3n c\u1ee7a b\u1ea1n \u0111\u00e3 \u0111\u01b0\u1ee3c k\u00edch ho\u1ea1t th\u00e0nh c\u00f4ng.<\/span><\/p>\n<h3><b>B\u01b0\u1edbc 2: T\u00ecm tr\u1eadn \u0111\u1ea5u<\/b><\/h3>\n<p><span style=\"font-weight: 400;\">Ngay t\u1ea1i giao di\u1ec7n ch\u00ednh c\u1ee7a nh\u00e0 c\u00e1i ch\u00fang t\u00f4i, b\u1ea1n ch\u1ec9 c\u1ea7n nh\u1ea5n v\u00e0o chuy\u00ean m\u1ee5c \u201cTh\u1ec3 thao\u201d. L\u00fac n\u00e0y, h\u00e0ng lo\u1ea1t b\u1ed9 m\u00f4n c\u00e1 c\u01b0\u1ee3c s\u1ebd hi\u1ec3n th\u1ecb \u0111\u1ec3 b\u1ea1n l\u1ef1a ch\u1ecdn \u2013 ch\u1eb3ng h\u1ea1n nh\u01b0 b\u00f3ng \u0111\u00e1. Khi \u0111\u00e3 x\u00e1c \u0111\u1ecbnh \u0111\u01b0\u1ee3c m\u00f4n th\u1ec3 thao y\u00eau th\u00edch, b\u1ea1n ti\u1ebfp t\u1ee5c l\u01b0\u1edbt v\u00e0 ch\u1ecdn ra tr\u1eadn \u0111\u1ea5u c\u1ee5 th\u1ec3 m\u00e0 m\u00ecnh mu\u1ed1n \u0111\u1eb7t c\u01b0\u1ee3c.<\/span><\/p>\n<h3><b>B\u01b0\u1edbc 3: \u0110\u1eb7t c\u01b0\u1ee3c<\/b><\/h3>\n<p><span style=\"font-weight: 400;\">Khi \u0111\u00e3 x\u00e1c \u0111\u1ecbnh \u0111\u01b0\u1ee3c tr\u1eadn \u0111\u1ea5u m\u00ecnh mu\u1ed1n \u0111\u1eb7t c\u01b0\u1ee3c, b\u1ea1n h\u00e3y nh\u1ea5p v\u00e0o t\u1ef7 l\u1ec7 k\u00e8o t\u01b0\u01a1ng \u1ee9ng v\u1edbi l\u1ef1a ch\u1ecdn mong mu\u1ed1n. K\u1ebf ti\u1ebfp, nh\u1eadp s\u1ed1 ti\u1ec1n c\u01b0\u1ee3c m\u00e0 m\u00ecnh mu\u1ed1n ch\u01a1i v\u00e0o \u00f4 \u0111\u01b0\u1ee3c h\u1ec7 th\u1ed1ng y\u00eau c\u1ea7u. B\u01b0\u1edbc cu\u1ed1i c\u00f9ng l\u00e0 r\u00e0 so\u00e1t l\u1ea1i th\u00f4ng tin v\u00e0 x\u00e1c nh\u1eadn \u0111\u1ec3 ho\u00e0n t\u1ea5t qu\u00e1 tr\u00ecnh \u0111\u1eb7t ti\u1ec1n. Ngay sau \u0111\u00f3, h\u1ec7 th\u1ed1ng s\u1ebd ghi nh\u1eadn l\u1ec7nh c\u01b0\u1ee3c v\u00e0 b\u1ea1n c\u00f3 th\u1ec3 theo d\u00f5i di\u1ec5n bi\u1ebfn c\u0169ng nh\u01b0 k\u1ebft qu\u1ea3 t\u1ee9c th\u00ec.<\/span><\/p>\n<h2><b>K\u1ebft lu\u1eadn<\/b><\/h2>\n<p><span style=\"font-weight: 400;\">S\u1ea3nh <\/span><b>th\u1ec3 thao Hubet<\/b><span style=\"font-weight: 400;\"> ch\u00ednh l\u00e0 n\u01a1i l\u00fd t\u01b0\u1edfng d\u00e0nh cho nh\u1eefng ai y\u00eau th\u00edch c\u00e1 c\u01b0\u1ee3c tr\u1ef1c tuy\u1ebfn. V\u1edbi nhi\u1ec1u s\u1ef1 l\u1ef1a ch\u1ecdn phong ph\u00fa, h\u1ec7 th\u1ed1ng t\u1ea1o \u0111i\u1ec1u ki\u1ec7n \u0111\u1ec3 kh\u00e1ch h\u00e0ng tho\u1ea3i m\u00e1i tr\u1ea3i nghi\u1ec7m v\u00e0 t\u1eadn h\u01b0\u1edfng nh\u1eefng kho\u1ea3nh kh\u1eafc gi\u1ea3i tr\u00ed tuy\u1ec7t v\u1eddi t\u1ea1i \u0111\u00e2y.<\/span><\/p>\n<\/p><\/div>\n<\/p><\/div>\n<\/div>\n","protected":false},"excerpt":{"rendered":"<p>\u2705TH\u00d4NG TIN Th\u01b0\u01a1ng hi\u1ec7u: HUBET Danh M\u1ee5c: C\u00e1 C\u01b0\u1ee3c Tr\u1ef1c Tuy\u1ebfn S\u1ea3n Ph\u1ea9m Ch\u1ee7 \u0110\u1ea1o: Casino Online N\u0103m Th\u00e0nh L\u1eadp: 2019 \u0110\u1ecba ch\u1ec9: 03 L\u00ea Thanh Ngh\u1ecb, Ho\u00e0 C\u01b0\u1eddng B\u1eafc, H\u1ea3i Ch\u00e2u, \u0110\u00e0 N\u1eb5ng 50000, Vi\u1ec7t Nam Email: support@xoi.us.com Hotline: 0375 704 385 Website: https:\/\/xoi.us.com\/ Hashtag: #hubet #hubetdecom #hu_bet #hubet_casino\u00a0 #CasinoOnline #T\u00e0iX\u1ec9u \u00a0\u2705S\u1ea2N PH\u1ea8M Casino [&#8230;]\n","protected":false},"author":1,"featured_media":148,"parent":0,"menu_order":0,"comment_status":"closed","ping_status":"closed","template":"","meta":{"footnotes":""},"class_list":["post-143","page","type-page","status-publish","has-post-thumbnail","hentry"],"_links":{"self":[{"href":"https:\/\/hubet.wine\/index.php\/wp-json\/wp\/v2\/pages\/143","targetHints":{"allow":["GET"]}}],"collection":[{"href":"https:\/\/hubet.wine\/index.php\/wp-json\/wp\/v2\/pages"}],"about":[{"href":"https:\/\/hubet.wine\/index.php\/wp-json\/wp\/v2\/types\/page"}],"author":[{"embeddable":true,"href":"https:\/\/hubet.wine\/index.php\/wp-json\/wp\/v2\/users\/1"}],"replies":[{"embeddable":true,"href":"https:\/\/hubet.wine\/index.php\/wp-json\/wp\/v2\/comments?post=143"}],"version-history":[{"count":0,"href":"https:\/\/hubet.wine\/index.php\/wp-json\/wp\/v2\/pages\/143\/revisions"}],"wp:featuredmedia":[{"embeddable":true,"href":"https:\/\/hubet.wine\/index.php\/wp-json\/wp\/v2\/media\/148"}],"wp:attachment":[{"href":"https:\/\/hubet.wine\/index.php\/wp-json\/wp\/v2\/media?parent=143"}],"curies":[{"name":"wp","href":"https:\/\/api.w.org\/{rel}","templated":true}]}}