{"id":142,"date":"2026-05-14T19:06:58","date_gmt":"2026-05-14T12:06:58","guid":{"rendered":"https:\/\/hubet.wine\/index.php\/xo-so-hubet\/"},"modified":"2026-05-14T19:06:58","modified_gmt":"2026-05-14T12:06:58","slug":"xo-so-hubet","status":"publish","type":"page","link":"https:\/\/hubet.wine\/index.php\/xo-so-hubet\/","title":{"rendered":"X\u1ed5 S\u1ed1 Hubet &#8211; C\u00e1 C\u01b0\u1ee3c Uy T\u00edn, Nhanh Ch\u00f3ng &#038; An To\u00e0n"},"content":{"rendered":"<div class=\"row\" id=\"row-554028061\">\n<div id=\"col-1240801296\" class=\"col medium-3 small-12 large-3\">\n<div class=\"col-inner\">\n<div id=\"text-118044495\" class=\"text khung\">\n<div class=\"trang-chu\">\n<p style=\"text-align: center;\"><strong><span class=\"widget-title\">\u2705TH\u00d4NG TIN<\/span><\/strong><\/p>\n<div class=\"textwidget\">\n<ul>\n<li><strong>Th\u01b0\u01a1ng hi\u1ec7u: <a href=\"https:\/\/hubet.wine\/\">HUBET<\/a><\/strong><\/li>\n<li><strong>Danh M\u1ee5c:<\/strong> C\u00e1 C\u01b0\u1ee3c Tr\u1ef1c Tuy\u1ebfn<\/li>\n<li><strong>S\u1ea3n Ph\u1ea9m Ch\u1ee7 \u0110\u1ea1o:<\/strong> Casino Online<\/li>\n<li><strong>N\u0103m Th\u00e0nh L\u1eadp:<\/strong> 2019<\/li>\n<li><strong>\u0110\u1ecba ch\u1ec9<\/strong>: 03 L\u00ea Thanh Ngh\u1ecb, Ho\u00e0 C\u01b0\u1eddng B\u1eafc, H\u1ea3i Ch\u00e2u, \u0110\u00e0 N\u1eb5ng 50000, Vi\u1ec7t Nam<\/li>\n<li><strong>Email: <\/strong>support@xoi.us.com<strong><br \/><\/strong><\/li>\n<li><b>Hotline: 0375 704 385<\/b><\/li>\n<li><strong>Website<\/strong>: <a href=\"https:\/\/hubet.wine\/\"><strong>https:\/\/xoi.us.com\/<\/strong><\/a><\/li>\n<li><strong>Hashtag: <\/strong>#hubet #hubetdecom #hu_bet #hubet_casino\u00a0 #CasinoOnline #T\u00e0iX\u1ec9u<\/li>\n<\/ul>\n<\/div>\n<\/div><\/div>\n<div id=\"text-2591094520\" class=\"text khung\">\n<div class=\"trang-chu\">\n<div style=\"text-align: center;\"><strong>\u00a0\u2705S\u1ea2N PH\u1ea8M<\/strong><\/div>\n<ul>\n<li><a href=\"https:\/\/hubet.wine\/casino-hubet\/\"><strong>Casino<\/strong><\/a><\/li>\n<li><a href=\"https:\/\/hubet.wine\/the-thao-hubet\/\"><strong>Th\u1ec3 Thao<\/strong><\/a><\/li>\n<li><a href=\"https:\/\/hubet.wine\/no-hu-hubet\/\"><strong>N\u1ed5 H\u0169<\/strong><\/a><\/li>\n<li><a href=\"https:\/\/hubet.wine\/ban-ca-hubet\/\"><strong>B\u1eafn C\u00e1<\/strong><\/a><\/li>\n<li><a href=\"https:\/\/hubet.wine\/da-ga-hubet\/\"><strong>\u0110\u00e1 G\u00e0<\/strong><\/a><\/li>\n<li><a href=\"https:\/\/hubet.wine\/xo-so-hubet\/\"><strong>X\u1ed5 S\u1ed1<\/strong><\/a><\/li>\n<\/ul>\n<\/div><\/div>\n<\/p><\/div>\n<\/p><\/div>\n<div id=\"col-895980080\" class=\"col medium-9 small-12 large-9\">\n<div class=\"col-inner\">\n<p><a href=\"https:\/\/hubet.wine\/xo-so-hubet\/\"><b>X\u1ed5 s\u1ed1 Hubet<\/b><\/a><span style=\"font-weight: 400;\"> hi\u1ec7n \u0111ang l\u00e0 m\u1ed9t trong nh\u1eefng s\u1ea3nh game tr\u1ef1c tuy\u1ebfn \u0111\u01b0\u1ee3c y\u00eau th\u00edch nh\u1ea5t tr\u00ean th\u1ecb tr\u01b0\u1eddng c\u00e1 c\u01b0\u1ee3c nh\u1edd v\u00e0o h\u1ec7 th\u1ed1ng \u0111\u1eb7t c\u01b0\u1ee3c phong ph\u00fa, t\u1ef7 l\u1ec7 tr\u1ea3 th\u01b0\u1edfng h\u1ea5p d\u1eabn v\u00e0 giao di\u1ec7n th\u00e2n thi\u1ec7n v\u1edbi ng\u01b0\u1eddi d\u00f9ng. V\u1edbi nh\u1eefng \u01b0u \u0111i\u1ec3m n\u1ed5i b\u1eadt, s\u00e2n ch\u01a1i <\/span><a href=\"https:\/\/hubet.wine\/\"><b>Hubet<\/b><\/a><span style=\"font-weight: 400;\"> \u0111\u00e3 nhanh ch\u00f3ng thu h\u00fat \u0111\u00f4ng \u0111\u1ea3o ng\u01b0\u1eddi ch\u01a1i tham gia m\u1ed7i ng\u00e0y. H\u00e3y c\u00f9ng kh\u00e1m ph\u00e1 chi ti\u1ebft v\u1ec1 s\u1ea3nh game \u0111\u1ec9nh cao n\u00e0y trong n\u1ed9i dung b\u00e0i vi\u1ebft d\u01b0\u1edbi \u0111\u00e2y.<\/span><\/p>\n<h2><b>T\u1ed5ng quan gi\u1edbi thi\u1ec7u v\u1ec1 s\u1ea3nh x\u1ed5 s\u1ed1 Hubet\u00a0<\/b><\/h2>\n<figure id=\"attachment_624\" aria-describedby=\"caption-attachment-624\" style=\"width: 800px\" class=\"wp-caption aligncenter\"><img title=\"T\u1ed5ng quan gi\u1edbi thi\u1ec7u v\u1ec1 s\u1ea3nh x\u1ed5 s\u1ed1 Hubet\" loading=\"lazy\" decoding=\"async\" class=\"size-full wp-image-624\" src=\"https:\/\/hubet.wine\/wp-content\/uploads\/2026\/05\/xo-so-hubet-1.webp\" alt=\"T\u1ed5ng quan gi\u1edbi thi\u1ec7u v\u1ec1 s\u1ea3nh x\u1ed5 s\u1ed1 Hubet\" width=\"800\" height=\"450\"><figcaption id=\"caption-attachment-624\" class=\"wp-caption-text\">T\u1ed5ng quan gi\u1edbi thi\u1ec7u v\u1ec1 s\u1ea3nh x\u1ed5 s\u1ed1 Hubet<\/figcaption><\/figure>\n<p><span style=\"font-weight: 400;\">C\u00f9ng v\u1edbi s\u1ef1 b\u00f9ng n\u1ed5 c\u1ee7a c\u00f4ng ngh\u1ec7 s\u1ed1, x\u1ed5 s\u1ed1 online \u0111\u00e3 nhanh ch\u00f3ng tr\u1edf th\u00e0nh m\u1ed9t trong nh\u1eefng h\u00ecnh th\u1ee9c c\u00e1 c\u01b0\u1ee3c \u0111\u01b0\u1ee3c \u01b0a chu\u1ed9ng nh\u1ea5t tr\u00ean th\u1ecb tr\u01b0\u1eddng. Nh\u1edd c\u00e1ch ch\u01a1i \u0111\u01a1n gi\u1ea3n, \u0111a d\u1ea1ng h\u00ecnh th\u1ee9c \u0111\u1eb7t c\u01b0\u1ee3c v\u00e0 t\u1ef7 l\u1ec7 tr\u00fang th\u01b0\u1edfng cao, tr\u00f2 ch\u01a1i n\u00e0y \u0111\u00e3 ghi d\u1ea5u \u1ea5n m\u1ea1nh m\u1ebd t\u1ea1i h\u1ea7u h\u1ebft c\u00e1c nh\u00e0 c\u00e1i uy t\u00edn.<\/span><\/p>\n<p><span style=\"font-weight: 400;\">N\u1eafm b\u1eaft xu h\u01b0\u1edbng \u0111\u00f3, nh\u00e0 c\u00e1i Hubet \u0111\u00e3 \u0111\u1ea7u t\u01b0 ph\u00e1t tri\u1ec3n s\u1ea3nh x\u1ed5 s\u1ed1 ri\u00eang bi\u1ec7t v\u1edbi nhi\u1ec1u l\u1ef1a ch\u1ecdn h\u1ea5p d\u1eabn nh\u01b0: x\u1ed5 s\u1ed1 truy\u1ec1n th\u1ed1ng ba mi\u1ec1n, x\u1ed5 s\u1ed1 si\u00eau t\u1ed1c, x\u1ed5 s\u1ed1 Keno\u2026 T\u1ea5t c\u1ea3 quy tr\u00ecnh tham gia t\u1ea1i s\u1ea3nh game \u0111\u1ec1u \u0111\u01b0\u1ee3c t\u1ed1i \u01b0u h\u00f3a, gi\u00fap ng\u01b0\u1eddi ch\u01a1i thao t\u00e1c nhanh ch\u00f3ng, d\u1ec5 d\u00e0ng v\u00e0 ti\u1ebft ki\u1ec7m th\u1eddi gian \u2014 t\u1eeb \u0111\u00f3 t\u1eadn h\u01b0\u1edfng nhi\u1ec1u v\u00e1n c\u01b0\u1ee3c h\u01a1n m\u1ed7i ng\u00e0y.<\/span><\/p>\n<p><span style=\"font-weight: 400;\">\u0110i\u1ec3m \u0111\u1eb7c bi\u1ec7t l\u00e0m n\u00ean s\u1ee9c h\u00fat c\u1ee7a s\u1ea3nh <\/span><b>x\u1ed5 s\u1ed1 Hubet <\/b><span style=\"font-weight: 400;\">ch\u00ednh l\u00e0 t\u1ef7 l\u1ec7 tr\u1ea3 th\u01b0\u1edfng cao v\u00e0 minh b\u1ea1ch. Kh\u00f4ng th\u00f4ng qua b\u1ea5t k\u1ef3 \u0111\u01a1n v\u1ecb trung gian n\u00e0o, website cam k\u1ebft mang \u0111\u1ebfn m\u1ee9c th\u01b0\u1edfng tr\u1ecdn v\u1eb9n 100% cho ng\u01b0\u1eddi ch\u01a1i khi chi\u1ebfn th\u1eafng. \u0110\u1eb7c bi\u1ec7t, v\u1edbi nh\u1eefng ai \u0111am m\u00ea \u0111\u00e1nh \u0111\u1ec1, m\u1ee9c tr\u1ea3 th\u01b0\u1edfng l\u00ean \u0111\u1ebfn 1 \u0103n 99 s\u1ebd l\u00e0 c\u01a1 h\u1ed9i tuy\u1ec7t v\u1eddi \u0111\u1ec3 nh\u00e2n \u0111\u00f4i t\u00e0i kho\u1ea3n ch\u1ec9 sau m\u1ed9t l\u1ea7n c\u01b0\u1ee3c.<\/span><\/p>\n<h2><b>Th\u1ebf m\u1ea1nh n\u1ed5i b\u1eadt c\u1ee7a s\u1ea3nh c\u01b0\u1ee3c x\u1ed5 s\u1ed1 Hubet\u00a0<\/b><\/h2>\n<p><span style=\"font-weight: 400;\">Kh\u00f4ng ch\u1ec9 n\u1ed5i b\u1eadt v\u1edbi t\u1ef7 l\u1ec7 tr\u1ea3 th\u01b0\u1edfng h\u1ea5p d\u1eabn b\u1eadc nh\u1ea5t th\u1ecb tr\u01b0\u1eddng, s\u1ea3nh x\u1ed5 s\u1ed1 t\u1ea1i Hubet c\u00f2n ghi \u0111i\u1ec3m m\u1ea1nh m\u1ebd nh\u1edd h\u00e0ng lo\u1ea1t \u01b0u \u0111i\u1ec3m v\u01b0\u1ee3t tr\u1ed9i.<\/span><\/p>\n<figure id=\"attachment_625\" aria-describedby=\"caption-attachment-625\" style=\"width: 800px\" class=\"wp-caption aligncenter\"><img title=\"Th\u1ebf m\u1ea1nh n\u1ed5i b\u1eadt c\u1ee7a s\u1ea3nh c\u01b0\u1ee3c x\u1ed5 s\u1ed1 t\u1ea1i Hubet\u00a0\" loading=\"lazy\" decoding=\"async\" class=\"size-full wp-image-625\" src=\"https:\/\/hubet.wine\/wp-content\/uploads\/2026\/05\/xo-so-hubet-2.webp\" alt=\"Th\u1ebf m\u1ea1nh n\u1ed5i b\u1eadt c\u1ee7a s\u1ea3nh c\u01b0\u1ee3c x\u1ed5 s\u1ed1 t\u1ea1i Hubet\u00a0\" width=\"800\" height=\"450\"><figcaption id=\"caption-attachment-625\" class=\"wp-caption-text\">Th\u1ebf m\u1ea1nh n\u1ed5i b\u1eadt c\u1ee7a s\u1ea3nh c\u01b0\u1ee3c x\u1ed5 s\u1ed1 t\u1ea1i Hubet<\/figcaption><\/figure>\n<h3><b>C\u00e1 c\u01b0\u1ee3c m\u1ecdi n\u01a1i, m\u1ecdi l\u00fac tr\u00ean \u0111i\u1ec7n tho\u1ea1i &amp; laptop<\/b><\/h3>\n<p><span style=\"font-weight: 400;\">M\u1ed9t trong nh\u1eefng \u01b0u \u0111i\u1ec3m n\u1ed5i b\u1eadt c\u1ee7a s\u1ea3nh <\/span><b>x\u1ed5 s\u1ed1 Hubet<\/b><span style=\"font-weight: 400;\"> ch\u00ednh l\u00e0 kh\u1ea3 n\u0103ng truy c\u1eadp d\u1ec5 d\u00e0ng m\u1ecdi l\u00fac, m\u1ecdi n\u01a1i th\u00f4ng qua \u0111i\u1ec7n tho\u1ea1i ho\u1eb7c laptop. Nh\u1eb1m mang \u0111\u1ebfn tr\u1ea3i nghi\u1ec7m m\u01b0\u1ee3t m\u00e0 v\u00e0 ti\u1ec7n l\u1ee3i h\u01a1n cho ng\u01b0\u1eddi ch\u01a1i, s\u00e2n ch\u01a1i \u0111\u00e3 ch\u00ednh th\u1ee9c ph\u00e1t h\u00e0nh \u1ee9ng d\u1ee5ng c\u00e1 c\u01b0\u1ee3c tr\u00ean di \u0111\u1ed9ng, h\u1ed7 tr\u1ee3 \u0111\u1ea7y \u0111\u1ee7 c\u1ea3 h\u1ec7 \u0111i\u1ec1u h\u00e0nh Android v\u00e0 iOS.<\/span><\/p>\n<p><span style=\"font-weight: 400;\">Khi tham gia \u0111\u1eb7t c\u01b0\u1ee3c qua \u1ee9ng d\u1ee5ng Hubet, ng\u01b0\u1eddi ch\u01a1i s\u1ebd kh\u00f4ng c\u00f2n lo g\u1eb7p ph\u1ea3i t\u00ecnh tr\u1ea1ng ch\u1eb7n link truy c\u1eadp, gi\u1eadt lag hay m\u1ea5t k\u1ebft n\u1ed1i m\u1ea1ng nh\u01b0 khi ch\u01a1i tr\u00ean tr\u00ecnh duy\u1ec7t th\u00f4ng th\u01b0\u1eddng. \u0110\u1eb7c bi\u1ec7t, v\u1edbi dung l\u01b0\u1ee3ng nh\u1eb9, \u1ee9ng d\u1ee5ng c\u00f3 th\u1ec3 \u0111\u01b0\u1ee3c t\u1ea3i v\u00e0 c\u00e0i \u0111\u1eb7t nhanh ch\u00f3ng tr\u00ean h\u1ea7u h\u1ebft c\u00e1c thi\u1ebft b\u1ecb, kh\u00f4ng chi\u1ebfm nhi\u1ec1u b\u1ed9 nh\u1edb nh\u01b0ng v\u1eabn \u0111\u1ea3m b\u1ea3o hi\u1ec7u su\u1ea5t ho\u1ea1t \u0111\u1ed9ng t\u1ed1i \u01b0u.<\/span><\/p>\n<h3><b>\u201cS\u1ed5 m\u01a1 Hubet\u201d \u2013 c\u00f4ng c\u1ee5 t\u00ecm con s\u1ed1 may m\u1eafn\u00a0<\/b><\/h3>\n<p><span style=\"font-weight: 400;\">S\u1ed5 m\u01a1 Hubet l\u00e0 c\u00f4ng c\u1ee5 h\u1ed7 tr\u1ee3 \u0111\u1eb7c bi\u1ec7t \u0111\u01b0\u1ee3c nh\u00e0 c\u00e1i ph\u00e1t tri\u1ec3n nh\u1eb1m gi\u00fap ng\u01b0\u1eddi ch\u01a1i gi\u1ea3i m\u00e3 nh\u1eefng gi\u1ea5c m\u01a1 b\u00ed \u1ea9n v\u00e0 t\u00ecm ra c\u00e1c con s\u1ed1 may m\u1eafn t\u01b0\u01a1ng \u1ee9ng. \u0110\u01b0\u1ee3c x\u00e2y d\u1ef1ng d\u1ef1a tr\u00ean kho t\u00e0ng kinh nghi\u1ec7m d\u00e2n gian l\u00e2u \u0111\u1eddi, k\u1ebft h\u1ee3p v\u1edbi h\u1ec7 th\u1ed1ng d\u1eef li\u1ec7u l\u1edbn \u0111\u01b0\u1ee3c c\u1eadp nh\u1eadt li\u00ean t\u1ee5c, s\u1ed5 m\u01a1 cho ph\u00e9p ng\u01b0\u1eddi d\u00f9ng tra c\u1ee9u th\u00f4ng tin m\u1ed9t c\u00e1ch nhanh ch\u00f3ng, ch\u00ednh x\u00e1c v\u00e0 ti\u1ec7n l\u1ee3i.<\/span><\/p>\n<p><span style=\"font-weight: 400;\">D\u00f9 b\u1ea1n m\u01a1 th\u1ea5y hi\u1ec7n t\u01b0\u1ee3ng k\u1ef3 l\u1ea1, con ng\u01b0\u1eddi hay s\u1ef1 v\u1eadt c\u1ee5 th\u1ec3, s\u1ed5 m\u01a1 \u0111\u1ec1u cung c\u1ea5p l\u1eddi gi\u1ea3i th\u00edch chi ti\u1ebft c\u00f9ng c\u00e1c con s\u1ed1 g\u1ee3i \u00fd li\u00ean quan. T\u1eeb \u0111\u00f3 m\u1edf ra c\u01a1 h\u1ed9i chi\u1ebfn th\u1eafng cao h\u01a1n trong m\u1ed7i l\u1ea7n \u0111\u1eb7t c\u01b0\u1ee3c.<\/span><\/p>\n<h3><b>Giao di\u1ec7n c\u1ed5ng game b\u1eaft m\u1eaft, hi\u1ec7n \u0111\u1ea1i\u00a0<\/b><\/h3>\n<p><span style=\"font-weight: 400;\">Khi tham gia ch\u01a1i <\/span><b>x\u1ed5 s\u1ed1 Hubet<\/b><span style=\"font-weight: 400;\">, ng\u01b0\u1eddi ch\u01a1i s\u1ebd ngay l\u1eadp t\u1ee9c b\u1ecb \u1ea5n t\u01b0\u1ee3ng b\u1edfi giao di\u1ec7n trang ch\u1ee7 c\u1ee7a nh\u00e0 c\u00e1i, thi\u1ebft k\u1ebf sang tr\u1ecdng, hi\u1ec7n \u0111\u1ea1i v\u00e0 b\u1eaft m\u1eaft. M\u1ecdi chi ti\u1ebft tr\u00ean trang web \u0111\u1ec1u \u0111\u01b0\u1ee3c t\u1ed1i \u01b0u h\u00f3a \u0111\u1ec3 mang l\u1ea1i tr\u1ea3i nghi\u1ec7m ng\u01b0\u1eddi d\u00f9ng m\u01b0\u1ee3t m\u00e0, d\u1ec5 d\u00e0ng t\u00ecm ki\u1ebfm v\u00e0 l\u1ef1a ch\u1ecdn c\u00e1c s\u1ea3n ph\u1ea9m c\u00e1 c\u01b0\u1ee3c ph\u00f9 h\u1ee3p v\u1edbi s\u1edf th\u00edch v\u00e0 chi\u1ebfn l\u01b0\u1ee3c c\u1ee7a t\u1eebng c\u01b0\u1ee3c th\u1ee7.<\/span><\/p>\n<h3><b>H\u1ec7 th\u1ed1ng b\u1ea3o m\u1eadt tuy\u1ec7t \u0111\u1ed1i 100% an to\u00e0n<\/b><\/h3>\n<p><span style=\"font-weight: 400;\">T\u1ea1i <\/span><b>x\u1ed5 s\u1ed1 Hubet<\/b><span style=\"font-weight: 400;\">, v\u1ea5n \u0111\u1ec1 b\u1ea3o m\u1eadt lu\u00f4n \u0111\u01b0\u1ee3c ban qu\u1ea3n tr\u1ecb \u01b0u ti\u00ean h\u00e0ng \u0111\u1ea7u. Nh\u00e0 c\u00e1i \u0111\u00e3 \u0111\u1ea7u t\u01b0 m\u1ed9t kho\u1ea3n ng\u00e2n s\u00e1ch l\u1edbn \u0111\u1ec3 tri\u1ec3n khai h\u1ec7 th\u1ed1ng b\u1ea3o m\u1eadt hi\u1ec7n \u0111\u1ea1i v\u00e0 t\u00e2n ti\u1ebfn nh\u1ea5t, nh\u1eb1m \u0111\u1ea3m b\u1ea3o an to\u00e0n tuy\u1ec7t \u0111\u1ed1i cho m\u1ecdi giao d\u1ecbch v\u00e0 th\u00f4ng tin c\u00e1 nh\u00e2n c\u1ee7a c\u01b0\u1ee3c th\u1ee7. T\u1ea5t c\u1ea3 c\u00e1c d\u1eef li\u1ec7u nh\u1ea1y c\u1ea3m nh\u01b0 t\u00e0i kho\u1ea3n, l\u1ecbch s\u1eed giao d\u1ecbch v\u00e0 th\u00f4ng tin c\u00e1 nh\u00e2n \u0111\u1ec1u \u0111\u01b0\u1ee3c b\u1ea3o v\u1ec7 b\u1eb1ng nhi\u1ec1u l\u1edbp b\u1ea3o m\u1eadt v\u1eefng ch\u1eafc.<\/span><\/p>\n<h2><b>Top c\u00e1c s\u1ea3n ph\u1ea9m hot hit c\u1ee7a x\u1ed5 s\u1ed1 Hubet\u00a0<\/b><\/h2>\n<p><span style=\"font-weight: 400;\">Khi tham gia ch\u01a1i x\u1ed5 s\u1ed1 t\u1ea1i nh\u00e0 c\u00e1i Hubet, ng\u01b0\u1eddi ch\u01a1i s\u1ebd c\u00f3 c\u01a1 h\u1ed9i tr\u1ea3i nghi\u1ec7m nhi\u1ec1u h\u00ecnh th\u1ee9c \u0111\u1eb7t c\u01b0\u1ee3c \u0111a d\u1ea1ng. M\u1ed7i h\u00ecnh th\u1ee9c ch\u01a1i \u0111\u1ec1u c\u00f3 nh\u1eefng quy \u0111\u1ecbnh ri\u00eang, c\u00e1ch th\u1ee9c tham gia \u0111\u1eb7c bi\u1ec7t v\u00e0 t\u1ef7 l\u1ec7 tr\u1ea3 th\u01b0\u1edfng h\u1ea5p d\u1eabn, mang \u0111\u1ebfn cho ng\u01b0\u1eddi ch\u01a1i m\u1ed9t tr\u1ea3i nghi\u1ec7m c\u00e1 c\u01b0\u1ee3c phong ph\u00fa.<\/span><\/p>\n<h3><b>X\u1ed5 s\u1ed1 VIP<\/b><\/h3>\n<p><span style=\"font-weight: 400;\">H\u00ecnh th\u1ee9c <\/span><b>x\u1ed5 s\u1ed1 Hubet<\/b><span style=\"font-weight: 400;\"> ph\u00f9 h\u1ee3p v\u1edbi c\u00e1c c\u01b0\u1ee3c th\u1ee7 l\u00e2u n\u0103m, chuy\u00ean nghi\u1ec7p, \u0111\u1eb7c bi\u1ec7t l\u00e0 nh\u1eefng ng\u01b0\u1eddi ch\u01a1i th\u01b0\u1eddng xuy\u00ean v\u00e0 \u0111\u1eb7t c\u01b0\u1ee3c nhi\u1ec1u trong ng\u00e0y. M\u1eb7c d\u00f9 m\u1ee9c gi\u00e1 v\u00e9 cao, nh\u01b0ng t\u1ef7 l\u1ec7 tr\u00fang th\u01b0\u1edfng l\u1ea1i c\u1ef1c k\u1ef3 h\u1ea5p d\u1eabn. C\u01b0\u1ee3c th\u1ee7 s\u1ebd ch\u1ecdn 8 con s\u1ed1 trong kho\u1ea3ng t\u1eeb 0 \u0111\u1ebfn 9 \u0111\u1ec3 \u0111\u1eb7t c\u01b0\u1ee3c. K\u1ebft qu\u1ea3 s\u1ebd d\u1ef1a tr\u00ean 4 b\u1eadc gi\u1ea3i th\u01b0\u1edfng: Gi\u1ea3i \u0111\u1eb7c bi\u1ec7t, nh\u1ea5t, nh\u00ec v\u00e0 ba.<\/span><\/p>\n<h3><b>X\u1ed5 s\u1ed1 Hubet 3 mi\u1ec1n<\/b><\/h3>\n<p><span style=\"font-weight: 400;\">H\u00ecnh th\u1ee9c x\u1ed5 s\u1ed1 n\u00e0y r\u1ea5t ph\u1ed5 bi\u1ebfn v\u00e0 quen thu\u1ed9c v\u1edbi c\u00e1c th\u00e0nh vi\u00ean c\u1ee7a Hubet. C\u01b0\u1ee3c th\u1ee7 s\u1ebd ch\u1ecdn 6 con s\u1ed1 t\u1eeb 0 \u0111\u1ebfn 9 \u0111\u1ec3 \u0111\u1eb7t c\u01b0\u1ee3c, v\u1edbi c\u00e1c m\u1ee9c gi\u1ea3i th\u01b0\u1edfng g\u1ed3m: Gi\u1ea3i \u0111\u1eb7c bi\u1ec7t, gi\u1ea3i nh\u1ea5t, gi\u1ea3i nh\u00ec, gi\u1ea3i ba v\u00e0 gi\u1ea3i khuy\u1ebfn kh\u00edch, d\u1ef1a tr\u00ean k\u1ebft qu\u1ea3 quay th\u01b0\u1edfng c\u1ee7a ba mi\u1ec1n: B\u1eafc, Trung, Nam.<\/span><\/p>\n<h3><b>X\u1ed5 s\u1ed1 Mega 6\/45<\/b><\/h3>\n<p><span style=\"font-weight: 400;\">Khi tham gia <\/span><b>x\u1ed5 s\u1ed1 Hubet<\/b><span style=\"font-weight: 400;\"> Mega 6\/45, ng\u01b0\u1eddi ch\u01a1i s\u1ebd ch\u1ecdn 6 s\u1ed1 trong kho\u1ea3ng t\u1eeb 1 \u0111\u1ebfn 45. K\u1ebft qu\u1ea3 tr\u1ea3 th\u01b0\u1edfng g\u1ed3m c\u00e1c m\u1ee9c: Jackpot, gi\u1ea3i nh\u1ea5t, gi\u1ea3i nh\u00ec, gi\u1ea3i ba, gi\u1ea3i 4 v\u00e0 gi\u1ea3i khuy\u1ebfn kh\u00edch. M\u1eb7c d\u00f9 t\u1ef7 l\u1ec7 tr\u00fang th\u01b0\u1edfng kh\u00f4ng qu\u00e1 cao, nh\u01b0ng gi\u1ea3i th\u01b0\u1edfng c\u00f3 th\u1ec3 l\u00ean \u0111\u1ebfn h\u00e0ng ngh\u00ecn t\u1ef7 \u0111\u1ed3ng khi chi\u1ebfn th\u1eafng.<\/span><\/p>\n<h3><b>\u00a0X\u1ed5 s\u1ed1 Hubet si\u00eau t\u1ed1c<\/b><\/h3>\n<p><span style=\"font-weight: 400;\">H\u00ecnh th\u1ee9c \u0111\u1eb7t c\u01b0\u1ee3c n\u00e0y l\u00e0 m\u1ed9t s\u1ef1 b\u1ed5 sung m\u1edbi t\u1ea1i nh\u00e0 c\u00e1i, n\u01a1i c\u01b0\u1ee3c th\u1ee7 ch\u1ecdn 6 s\u1ed1 t\u1eeb 0 \u0111\u1ebfn 9. K\u1ebft qu\u1ea3 tr\u00fang th\u01b0\u1edfng s\u1ebd c\u0103n c\u1ee9 v\u00e0o k\u1ebft qu\u1ea3 c\u1ee7a ba mi\u1ec1n. \u0110\u1eb7c bi\u1ec7t, m\u1ed7i chu k\u1ef3 \u0111\u1eb7t c\u01b0\u1ee3c ch\u1ec9 k\u00e9o d\u00e0i 5 ph\u00fat, gi\u00fap ng\u01b0\u1eddi ch\u01a1i tham gia nhanh ch\u00f3ng v\u00e0 c\u00f3 th\u1ec3 c\u01b0\u1ee3c nhi\u1ec1u l\u1ea7n trong ng\u00e0y.\u00a0<\/span><\/p>\n<p><span style=\"font-weight: 400;\">Tr\u00ean \u0111\u00e2y l\u00e0 to\u00e0n b\u1ed9 th\u00f4ng tin v\u1ec1 s\u1ea3nh game <\/span><b>x\u1ed5 s\u1ed1 Hubet<\/b><span style=\"font-weight: 400;\">. Hy v\u1ecdng nh\u1eefng chia s\u1ebb n\u00e0y s\u1ebd gi\u00fap c\u01b0\u1ee3c th\u1ee7 ch\u1ecdn \u0111\u01b0\u1ee3c h\u00ecnh th\u1ee9c ch\u01a1i ph\u00f9 h\u1ee3p. \u0110\u1eebng ch\u1ea7n ch\u1eeb, truy c\u1eadp ngay Hubet \u0111\u1ec3 tr\u1ea3i nghi\u1ec7m kho game \u0111a d\u1ea1ng v\u00e0 nh\u1eadn th\u01b0\u1edfng h\u1ea5p d\u1eabn!<\/span><\/p>\n<\/p><\/div>\n<\/p><\/div>\n<\/div>\n","protected":false},"excerpt":{"rendered":"<p>\u2705TH\u00d4NG TIN Th\u01b0\u01a1ng hi\u1ec7u: HUBET Danh M\u1ee5c: C\u00e1 C\u01b0\u1ee3c Tr\u1ef1c Tuy\u1ebfn S\u1ea3n Ph\u1ea9m Ch\u1ee7 \u0110\u1ea1o: Casino Online N\u0103m Th\u00e0nh L\u1eadp: 2019 \u0110\u1ecba ch\u1ec9: 03 L\u00ea Thanh Ngh\u1ecb, Ho\u00e0 C\u01b0\u1eddng B\u1eafc, H\u1ea3i Ch\u00e2u, \u0110\u00e0 N\u1eb5ng 50000, Vi\u1ec7t Nam Email: support@xoi.us.com Hotline: 0375 704 385 Website: https:\/\/xoi.us.com\/ Hashtag: #hubet #hubetdecom #hu_bet #hubet_casino\u00a0 #CasinoOnline #T\u00e0iX\u1ec9u \u00a0\u2705S\u1ea2N PH\u1ea8M Casino [&#8230;]\n","protected":false},"author":1,"featured_media":147,"parent":0,"menu_order":0,"comment_status":"closed","ping_status":"closed","template":"","meta":{"footnotes":""},"class_list":["post-142","page","type-page","status-publish","has-post-thumbnail","hentry"],"_links":{"self":[{"href":"https:\/\/hubet.wine\/index.php\/wp-json\/wp\/v2\/pages\/142","targetHints":{"allow":["GET"]}}],"collection":[{"href":"https:\/\/hubet.wine\/index.php\/wp-json\/wp\/v2\/pages"}],"about":[{"href":"https:\/\/hubet.wine\/index.php\/wp-json\/wp\/v2\/types\/page"}],"author":[{"embeddable":true,"href":"https:\/\/hubet.wine\/index.php\/wp-json\/wp\/v2\/users\/1"}],"replies":[{"embeddable":true,"href":"https:\/\/hubet.wine\/index.php\/wp-json\/wp\/v2\/comments?post=142"}],"version-history":[{"count":0,"href":"https:\/\/hubet.wine\/index.php\/wp-json\/wp\/v2\/pages\/142\/revisions"}],"wp:featuredmedia":[{"embeddable":true,"href":"https:\/\/hubet.wine\/index.php\/wp-json\/wp\/v2\/media\/147"}],"wp:attachment":[{"href":"https:\/\/hubet.wine\/index.php\/wp-json\/wp\/v2\/media?parent=142"}],"curies":[{"name":"wp","href":"https:\/\/api.w.org\/{rel}","templated":true}]}}