{"id":122,"date":"2026-05-14T19:06:40","date_gmt":"2026-05-14T12:06:40","guid":{"rendered":"https:\/\/hubet.wine\/index.php\/tai-app-hubet\/"},"modified":"2026-05-14T19:06:40","modified_gmt":"2026-05-14T12:06:40","slug":"tai-app-hubet","status":"publish","type":"page","link":"https:\/\/hubet.wine\/index.php\/tai-app-hubet\/","title":{"rendered":"T\u1ea3i App Hubet &#8211; C\u00e1 C\u01b0\u1ee3c Online Kh\u00f4ng Lo B\u1ecb Ch\u1eb7n Hay Gi\u1eadt Lag"},"content":{"rendered":"<div class=\"row\" id=\"row-1779518927\">\n<div id=\"col-681444120\" class=\"col medium-3 small-12 large-3\">\n<div class=\"col-inner\">\n<div id=\"text-2536506275\" class=\"text khung\">\n<div style=\"text-align: center;\"><strong>\u2705TH\u00d4NG TIN<\/strong><\/div>\n<div>\u00a0<\/div>\n<ul>\n<li><strong>Th\u01b0\u01a1ng hi\u1ec7u:<\/strong> <a href=\"https:\/\/hubet.wine\/\"><strong>HUBET<\/strong><\/a><\/li>\n<li><strong>Danh M\u1ee5c:<\/strong> C\u00e1 C\u01b0\u1ee3c Tr\u1ef1c Tuy\u1ebfn<\/li>\n<li><strong>S\u1ea3n Ph\u1ea9m Ch\u1ee7 \u0110\u1ea1o:<\/strong> Casino Online<\/li>\n<li><strong>N\u0103m Th\u00e0nh L\u1eadp:<\/strong> 2019<\/li>\n<li><strong>\u0110\u1ecba ch\u1ec9:<\/strong> 03 L\u00ea Thanh Ngh\u1ecb, Ho\u00e0 C\u01b0\u1eddng B\u1eafc, H\u1ea3i Ch\u00e2u, \u0110\u00e0 N\u1eb5ng 50000, Vi\u1ec7t Nam<\/li>\n<li><strong>Email:<\/strong> support@xoi.us.com<\/li>\n<li><strong>Hotline:<\/strong> 0375 704 385<\/li>\n<li><strong>Website:<\/strong> <a href=\"https:\/\/hubet.wine\/\"><strong>https:\/\/xoi.us.com\/<\/strong><\/a><\/li>\n<li><strong>Hashtag:<\/strong> #hubet #hubetdecom #hu_bet #hubet_casino\u00a0 #CasinoOnline #T\u00e0iX\u1ec9u<\/li>\n<\/ul><\/div>\n<div id=\"text-1186014948\" class=\"text khung\">\n<div style=\"text-align: center;\"><strong>\u00a0\u2705S\u1ea2N PH\u1ea8M<\/strong><\/div>\n<p>\u00a0<\/p>\n<ul>\n<li><a href=\"https:\/\/hubet.wine\/casino-hubet\/\"><strong>Casino<\/strong><\/a><\/li>\n<li><a href=\"https:\/\/hubet.wine\/the-thao-hubet\/\"><strong>Th\u1ec3 Thao<\/strong><\/a><\/li>\n<li><a href=\"https:\/\/hubet.wine\/no-hu-hubet\/\"><strong>N\u1ed5 H\u0169<\/strong><\/a><\/li>\n<li><a href=\"https:\/\/hubet.wine\/ban-ca-hubet\/\"><strong>B\u1eafn C\u00e1<\/strong><\/a><\/li>\n<li><a href=\"https:\/\/hubet.wine\/da-ga-hubet\/\"><strong>\u0110\u00e1 G\u00e0<\/strong><\/a><\/li>\n<li><a href=\"https:\/\/hubet.wine\/xo-so-hubet\/\"><strong>X\u1ed5 S\u1ed1<\/strong><\/a><\/li>\n<\/ul><\/div>\n<\/p><\/div>\n<\/p><\/div>\n<div id=\"col-686424620\" class=\"col medium-9 small-12 large-9\">\n<div class=\"col-inner\">\n<p><a href=\"https:\/\/hubet.wine\/tai-app-hubet\/\"><b>T\u1ea3i app Hubet<\/b><\/a><span style=\"font-weight: 400;\"> tr\u00ean thi\u1ebft b\u1ecb di \u0111\u1ed9ng l\u00e0 m\u1ed9t thao t\u00e1c \u0111\u01a1n gi\u1ea3n v\u00e0 nhanh ch\u00f3ng, nh\u01b0ng kh\u00f4ng ph\u1ea3i ai c\u0169ng bi\u1ebft c\u00e1ch th\u1ef1c hi\u1ec7n \u0111\u00fang. Phi\u00ean b\u1ea3n mobile <strong><a href=\"https:\/\/hubet.wine\/\">Hubet<\/a><\/strong> \u0111\u01b0\u1ee3c trang b\u1ecb nhi\u1ec1u t\u00ednh n\u0103ng hi\u1ec7n \u0111\u1ea1i, t\u01b0\u01a1ng th\u00edch ho\u00e0n h\u1ea3o v\u1edbi m\u1ecdi h\u1ec7 \u0111i\u1ec1u h\u00e0nh. N\u1ebfu b\u1ea1n mu\u1ed1n n\u1eafm r\u00f5 c\u00e1c b\u01b0\u1edbc chi ti\u1ebft \u0111\u1ec3 t\u1ea3i app nh\u00e0 c\u00e1i, h\u00e3y ti\u1ebfp t\u1ee5c theo d\u00f5i b\u00e0i vi\u1ebft n\u00e0y c\u1ee7a ch\u00fang t\u00f4i.<\/span><\/p>\n<h2><b>H\u01b0\u1edbng d\u1eabn t\u1ea3i app Hubet \u0111\u01a1n gi\u1ea3n v\u1ec1 \u0111i\u1ec7n tho\u1ea1i<\/b><\/h2>\n<p><span style=\"font-weight: 400;\">\u1ee8ng d\u1ee5ng Hubet hi\u1ec7n nay c\u00f3 th\u1ec3 \u0111\u01b0\u1ee3c c\u00e0i \u0111\u1eb7t v\u00e0 tr\u1ea3i nghi\u1ec7m b\u1edfi b\u1ea5t k\u1ef3 ai. Tuy nhi\u00ean, vi\u1ec7c t\u00ecm hi\u1ec3u k\u1ef9 l\u01b0\u1ee1ng c\u00e1c \u0111i\u1ec1u kho\u1ea3n \u0111i\u1ec1u ki\u1ec7n l\u00e0 thao t\u00e1c kh\u00f4ng th\u1ec3 b\u1ecf qua tr\u01b0\u1edbc khi s\u1eed d\u1ee5ng. Trong th\u1eddi \u0111\u1ea1i s\u1ed1, xu h\u01b0\u1edbng s\u1edf h\u1eefu \u1ee9ng d\u1ee5ng gi\u1ea3i tr\u00ed tr\u1ef1c ti\u1ebfp tr\u00ean thi\u1ebft b\u1ecb c\u00e1 nh\u00e2n \u0111ang ng\u00e0y c\u00e0ng tr\u1edf n\u00ean ph\u1ed5 bi\u1ebfn. \u0110\u1ec3 c\u00e0i \u0111\u1eb7t app m\u1ed9t c\u00e1ch d\u1ec5 d\u00e0ng tr\u00ean thi\u1ebft b\u1ecb c\u1ee7a m\u00ecnh, ng\u01b0\u1eddi d\u00f9ng ch\u1ec9 c\u1ea7n th\u1ef1c hi\u1ec7n theo c\u00e1c b\u01b0\u1edbc h\u01b0\u1edbng d\u1eabn b\u00ean d\u01b0\u1edbi.<\/span><\/p>\n<h3><b>H\u1ec7 \u0111i\u1ec1u h\u00e0nh Android<\/b><\/h3>\n<p><span style=\"font-weight: 400;\">Hi\u1ec7n nay, nh\u00e0 c\u00e1i c\u1ee7a ch\u00fang t\u00f4i tung ra 2 b\u1ea3n <\/span><b>t\u1ea3i app Hubet<\/b><span style=\"font-weight: 400;\"> ch\u00ednh th\u1ee9c \u0111\u00f3 l\u00e0 iOS v\u00e0 Android. N\u1ebfu b\u1ea1n \u0111ang s\u1edf h\u1eefu 1 chi\u1ebfc \u0111i\u1ec7n tho\u1ea1i ch\u1ea1y h\u1ec7 \u0111i\u1ec1u h\u00e0nh Android, \u0111\u1eebng lo l\u1eafng m\u00e0 h\u00e3y th\u1ef1c hi\u1ec7n theo c\u00e1c b\u01b0\u1edbc h\u01b0\u1edbng d\u1eabn sau:<\/span><\/p>\n<ul>\n<li style=\"font-weight: 400;\" aria-level=\"1\"><span style=\"font-weight: 400;\">B\u01b0\u1edbc 1: Tr\u01b0\u1edbc h\u1ebft, b\u1ea1n c\u1ea7n truy c\u1eadp v\u00e0o trang web ch\u00ednh th\u1ee9c c\u1ee7a nh\u00e0 c\u00e1i qua link https:\/\/hubet33.pro\/. \u0110\u01b0\u1eddng d\u1eabn n\u00e0y \u0111\u01b0\u1ee3c ph\u00e2n ph\u1ed1i th\u00f4ng qua c\u00e1c k\u00eanh h\u1ee3p l\u1ec7 v\u00e0 uy t\u00edn.<\/span><\/li>\n<li style=\"font-weight: 400;\" aria-level=\"1\"><span style=\"font-weight: 400;\">B\u01b0\u1edbc 2: L\u00fac n\u00e0y, b\u1ea1n \u0111\u0103ng k\u00fd ho\u1eb7c \u0111\u0103ng nh\u1eadp v\u00e0o t\u00e0i kho\u1ea3n h\u1ed9i vi\u00ean nh\u00e0 c\u00e1i. Khi \u0111\u00f3, kh\u00e1ch h\u00e0ng s\u1ebd \u0111\u01b0\u1ee3c chuy\u1ec3n sang giao di\u1ec7n ch\u00ednh th\u1ee9c c\u1ee7a h\u1ec7 th\u1ed1ng v\u00e0 t\u00ecm ch\u1ecdn n\u00fat \u201cT\u1ea3i app\u201d. T\u1ea1i \u0111\u00e2y s\u1ebd hi\u1ec3n th\u1ecb m\u00e3 QR t\u01b0\u01a1ng th\u00edch v\u1edbi t\u1eebng h\u1ec7 \u0111i\u1ec1u h\u00e0nh iOS v\u1edbi Android. Anh em h\u00e3y d\u00f9ng \u0111i\u1ec7n tho\u1ea1i \u0111\u1ec3 qu\u00e9t m\u00e3 t\u01b0\u01a1ng \u1ee9ng v\u1edbi Android nh\u1eb1m d\u1eabn \u0111\u1ebfn link t\u1ea3i ph\u00f9 h\u1ee3p.<\/span><\/li>\n<li style=\"font-weight: 400;\" aria-level=\"1\"><span style=\"font-weight: 400;\">B\u01b0\u1edbc 3: Ti\u1ebfp t\u1ee5c b\u1eb1ng c\u00e1ch nh\u1ea5n v\u00e0o \u0111\u01b0\u1eddng link t\u01b0\u01a1ng th\u00edch v\u1edbi h\u1ec7 \u0111i\u1ec1u h\u00e0nh b\u1ea1n \u0111ang s\u1eed d\u1ee5ng \u0111\u1ec3 t\u1ea3i \u0111\u00fang phi\u00ean b\u1ea3n c\u1ee7a \u1ee9ng d\u1ee5ng. \u0110\u1ed3ng th\u1eddi, ng\u01b0\u1eddi d\u00f9ng nh\u1edb nh\u1ea5n \u201cCh\u1ea5p nh\u1eadn\u201d \u0111\u1ec3 c\u1ea5p quy\u1ec1n ho\u1ea1t \u0111\u1ed9ng cho app tr\u00ean thi\u1ebft b\u1ecb.<\/span><\/li>\n<li style=\"font-weight: 400;\" aria-level=\"1\"><span style=\"font-weight: 400;\">B\u01b0\u1edbc 4: Khi qu\u00e1 tr\u00ecnh t\u1ea3i ho\u00e0n t\u1ea5t, bet th\u1ee7 ch\u1ec9 c\u1ea7n m\u1edf app l\u00ean, ti\u1ebfn h\u00e0nh \u0111\u0103ng nh\u1eadp t\u00e0i kho\u1ea3n v\u00e0 b\u1eaft \u0111\u1ea7u tham gia c\u00e1c tr\u00f2 ch\u01a1i gi\u1ea3i tr\u00ed m\u1ed9t c\u00e1ch nhanh ch\u00f3ng.<\/span><\/li>\n<\/ul>\n<h3><b>H\u1ec7 \u0111i\u1ec1u h\u00e0nh iOS<\/b><\/h3>\n<p><span style=\"font-weight: 400;\">D\u00e0nh cho ng\u01b0\u1eddi d\u00f9ng iOS, vi\u1ec7c <\/span><b>t\u1ea3i app Hubet<\/b><span style=\"font-weight: 400;\"> tuy c\u00f3 n\u00e9t t\u01b0\u01a1ng \u0111\u1ed3ng v\u1edbi h\u1ec7 \u0111i\u1ec1u h\u00e0nh Android. Nh\u01b0ng n\u00f3 v\u1eabn t\u1ed3n t\u1ea1i m\u1ed9t v\u00e0i \u0111i\u1ec3m kh\u00e1c bi\u1ec7t nh\u1ecf c\u1ea7n l\u01b0u t\u00e2m \u0111\u1ec3 \u0111\u1ea3m b\u1ea3o qu\u00e1 tr\u00ecnh c\u00e0i \u0111\u1eb7t di\u1ec5n ra tr\u01a1n tru, c\u1ee5 th\u1ec3 nh\u01b0 sau:<\/span><\/p>\n<ul>\n<li style=\"font-weight: 400;\" aria-level=\"1\"><span style=\"font-weight: 400;\">B\u01b0\u1edbc 1: Tr\u01b0\u1edbc ti\u00ean, anh em h\u00e3y truy c\u1eadp v\u00e0o trang ch\u1ee7 nh\u00e0 c\u00e1i th\u00f4ng qua li\u00ean k\u1ebft ch\u00ednh th\u1ee9c t\u01b0\u01a1ng t\u1ef1 nh\u01b0 c\u00e1ch t\u1ea3i tr\u00ean m\u00e1y Android \u0111\u01b0\u1ee3c ch\u00fang t\u00f4i v\u1eeba chia s\u1ebb.<\/span><\/li>\n<li style=\"font-weight: 400;\" aria-level=\"1\"><span style=\"font-weight: 400;\">B\u01b0\u1edbc 2: B\u1ea1n \u0111\u0103ng nh\u1eadp v\u00e0o t\u00e0i kho\u1ea3n h\u1ed9i vi\u00ean v\u00e0 nh\u1ea5n ch\u1ecdn m\u1ee5c \u201cT\u1ea3i app\u201d \u1edf giao di\u1ec7n ch\u00ednh. Ngay sau \u0111\u00f3, m\u00e3 QR s\u1ebd hi\u1ec3n th\u1ecb, \u0111\u01b0\u1ee3c thi\u1ebft k\u1ebf d\u00e0nh ri\u00eang cho thi\u1ebft b\u1ecb ch\u1ea1y iOS. Anh em h\u00e3y s\u1eed d\u1ee5ng iPhone ho\u1eb7c iPad \u0111\u1ec3 qu\u00e9t m\u00e3 n\u00e0y, r\u1ed3i l\u1ef1a ch\u1ecdn \u0111\u00fang \u0111\u01b0\u1eddng d\u1eabn <\/span><b>t\u1ea3i app Hubet<\/b><span style=\"font-weight: 400;\"> v\u1ec1 m\u00e1y.<\/span><\/li>\n<li style=\"font-weight: 400;\" aria-level=\"1\"><span style=\"font-weight: 400;\">B\u01b0\u1edbc 3: Ngay khi nh\u1ea5n v\u00e0o li\u00ean k\u1ebft t\u1ea3i, qu\u00e1 tr\u00ecnh download s\u1ebd \u0111\u01b0\u1ee3c kh\u1edfi \u0111\u1ed9ng. H\u1ed9i vi\u00ean c\u1ea7n duy tr\u00ec k\u1ebft n\u1ed1i v\u00e0 tr\u00e1nh \u0111\u00f3ng \u1ee9ng d\u1ee5ng \u0111\u1ec3 kh\u00f4ng l\u00e0m gi\u00e1n \u0111o\u1ea1n thao t\u00e1c c\u00e0i \u0111\u1eb7t.<\/span><\/li>\n<li style=\"font-weight: 400;\" aria-level=\"1\"><span style=\"font-weight: 400;\">B\u01b0\u1edbc 4: Khi file c\u00e0i \u0111\u1eb7t \u0111\u00e3 \u0111\u01b0\u1ee3c t\u1ea3i v\u1ec1 th\u00e0nh c\u00f4ng, kh\u00e1ch h\u00e0ng h\u00e3y m\u1edf li\u00ean k\u1ebft \u0111\u00e3 t\u1ea3i v\u00e0 l\u00e0m theo h\u01b0\u1edbng d\u1eabn \u0111\u1ec3 ti\u1ebfn h\u00e0nh c\u00e0i \u0111\u1eb7t, nh\u1eb1m gi\u00fap \u1ee9ng d\u1ee5ng v\u1eadn h\u00e0nh m\u01b0\u1ee3t m\u00e0 tr\u00ean thi\u1ebft b\u1ecb.<\/span><\/li>\n<li style=\"font-weight: 400;\" aria-level=\"1\"><span style=\"font-weight: 400;\">B\u01b0\u1edbc 5: Ti\u1ebfp theo, game th\u1ee7 truy c\u1eadp v\u00e0o ph\u1ea7n \u201cC\u00e0i \u0111\u1eb7t chung\u201d trong \u0111i\u1ec7n tho\u1ea1i &gt; Ch\u1ecdn m\u1ee5c \u201cC\u00e0i \u0111\u1eb7t\u201d &gt; Nh\u1ea5n v\u00e0o \u201cQu\u1ea3n l\u00fd thi\u1ebft b\u1ecb\u201d &gt; Cu\u1ed1i c\u00f9ng, x\u00e1c nh\u1eadn \u201cTin c\u1eady\u201d \u0111\u1ec3 ho\u00e0n t\u1ea5t qu\u00e1 tr\u00ecnh c\u00e0i \u0111\u1eb7t.<\/span><\/li>\n<\/ul>\n<figure id=\"attachment_666\" aria-describedby=\"caption-attachment-666\" style=\"width: 800px\" class=\"wp-caption aligncenter\"><img title=\"H\u01b0\u1edbng d\u1eabn c\u00e1ch t\u1ea3i app Hubet\" loading=\"lazy\" decoding=\"async\" class=\"size-full wp-image-666\" src=\"https:\/\/hubet.wine\/wp-content\/uploads\/2026\/05\/tai-app-hubet-1.webp\" alt=\"H\u01b0\u1edbng d\u1eabn c\u00e1ch t\u1ea3i app Hubet\" width=\"800\" height=\"450\"><figcaption id=\"caption-attachment-666\" class=\"wp-caption-text\">H\u01b0\u1edbng d\u1eabn c\u00e1ch t\u1ea3i app Hubet<\/figcaption><\/figure>\n<h2><b>L\u00fd do nhi\u1ec1u kh\u00e1ch h\u00e0ng l\u1ef1a ch\u1ecdn t\u1ea3i app Hubet<\/b><\/h2>\n<p><span style=\"font-weight: 400;\">\u1ee8ng d\u1ee5ng c\u1ee7a nh\u00e0 c\u00e1i \u0111\u00e3 thu h\u00fat l\u01b0\u1ee3ng l\u1edbn ng\u01b0\u1eddi d\u00f9ng, g\u00f3p ph\u1ea7n t\u0103ng m\u1ea1nh s\u1ed1 l\u01b0\u1ee3ng h\u1ed9i vi\u00ean. Kh\u00f4ng ch\u1ec9 n\u1ed5i b\u1eadt nh\u1edd s\u1ef1 \u0111a d\u1ea1ng trong t\u00ednh n\u0103ng c\u00e1 c\u01b0\u1ee3c, app c\u00f2n ghi \u0111i\u1ec3m b\u1edfi \u0111\u1ed9 uy t\u00edn v\u00e0 ch\u1ea5t l\u01b0\u1ee3ng ph\u1ee5c v\u1ee5 v\u01b0\u1ee3t tr\u1ed9i. D\u01b0\u1edbi \u0111\u00e2y l\u00e0 nh\u1eefng l\u00fd do b\u1ea1n n\u00ean c\u00e2n nh\u1eafc t\u1ea3i ngay ph\u1ea7n m\u1ec1m nh\u00e0 c\u00e1i v\u1ec1 thi\u1ebft b\u1ecb c\u1ee7a m\u00ecnh:<\/span><\/p>\n<ul>\n<li style=\"font-weight: 400;\" aria-level=\"1\"><span style=\"font-weight: 400;\">T\u1ed1c \u0111\u1ed9 x\u1eed l\u00fd m\u01b0\u1ee3t m\u00e0 c\u1ee7a app l\u00e0 \u0111i\u1ec3m c\u1ed9ng l\u1edbn, gi\u00fap ng\u01b0\u1eddi ch\u01a1i thao t\u00e1c tr\u01a1n tru m\u00e0 kh\u00f4ng g\u1eb7p t\u00ecnh tr\u1ea1ng \u0111\u1ee9ng m\u00e1y hay gi\u1eadt lag.<\/span><\/li>\n<li style=\"font-weight: 400;\" aria-level=\"1\"><span style=\"font-weight: 400;\">C\u01a1 ch\u1ebf b\u1ea3o m\u1eadt hai l\u1edbp \u0111\u01b0\u1ee3c t\u00edch h\u1ee3p khi <\/span><b>t\u1ea3i app Hubet<\/b><span style=\"font-weight: 400;\"> nh\u1eb1m b\u1ea3o v\u1ec7 tuy\u1ec7t \u0111\u1ed1i th\u00f4ng tin ng\u01b0\u1eddi d\u00f9ng. V\u1edbi kh\u00e1ch h\u00e0ng tham gia c\u00e1 c\u01b0\u1ee3c online, \u0111\u00e2y l\u00e0 y\u1ebfu t\u1ed1 then ch\u1ed1t \u0111\u1ec3 quy\u1ebft \u0111\u1ecbnh s\u1eed d\u1ee5ng l\u00e2u d\u00e0i.<\/span><\/li>\n<li style=\"font-weight: 400;\" aria-level=\"1\"><span style=\"font-weight: 400;\">Vi\u1ec7c d\u00f9ng \u1ee9ng d\u1ee5ng gi\u00fap h\u1ed9i vi\u00ean truy c\u1eadp m\u1ecdi d\u1ecbch v\u1ee5 c\u00e1 c\u01b0\u1ee3c m\u00e0 kh\u00f4ng lo b\u1ecb ch\u1eb7n b\u1edfi nh\u00e0 m\u1ea1ng. Tr\u1ea3i nghi\u1ec7m li\u1ec1n m\u1ea1ch, kh\u00f4ng gi\u00e1n \u0111o\u1ea1n ch\u00ednh l\u00e0 \u01b0u th\u1ebf c\u1ee7a app.<\/span><\/li>\n<\/ul>\n<figure id=\"attachment_667\" aria-describedby=\"caption-attachment-667\" style=\"width: 800px\" class=\"wp-caption aligncenter\"><img title=\"T\u1ea1i sao nhi\u1ec1u ng\u01b0\u1eddi ch\u1ecdn d\u00f9ng app Hubet\" loading=\"lazy\" decoding=\"async\" class=\"size-full wp-image-667\" src=\"https:\/\/hubet.wine\/wp-content\/uploads\/2026\/05\/tai-app-hubet-2.webp\" alt=\"T\u1ea1i sao nhi\u1ec1u ng\u01b0\u1eddi ch\u1ecdn d\u00f9ng app Hubet\" width=\"800\" height=\"450\"><figcaption id=\"caption-attachment-667\" class=\"wp-caption-text\">T\u1ea1i sao nhi\u1ec1u ng\u01b0\u1eddi ch\u1ecdn d\u00f9ng app Hubet<\/figcaption><\/figure>\n<h2><b>L\u01b0u \u00fd quan tr\u1ecdng khi t\u1ea3i app Hubet<\/b><\/h2>\n<p><span style=\"font-weight: 400;\">Vi\u1ec7c c\u00e0i \u0111\u1eb7t \u1ee9ng d\u1ee5ng l\u00ean \u0111i\u1ec7n tho\u1ea1i di \u0111\u1ed9ng kh\u00f4ng h\u1ec1 ph\u1ee9c t\u1ea1p v\u00e0 ho\u00e0n to\u00e0n c\u00f3 th\u1ec3 \u0111\u01b0\u1ee3c th\u1ef1c hi\u1ec7n m\u1ed9t c\u00e1ch nhanh ch\u00f3ng. Tuy nhi\u00ean, \u0111\u1ec3 \u0111\u1ea3m b\u1ea3o tr\u1ea3i nghi\u1ec7m su\u00f4n s\u1ebb v\u00e0 an to\u00e0n trong qu\u00e1 tr\u00ecnh t\u1ea3i app, b\u1ea1n n\u00ean ghi nh\u1edb m\u1ed9t s\u1ed1 \u0111i\u1ec3m quan tr\u1ecdng d\u01b0\u1edbi \u0111\u00e2y:<\/span><\/p>\n<ul>\n<li style=\"font-weight: 400;\" aria-level=\"1\"><span style=\"font-weight: 400;\">B\u1ea1n c\u1ea7n \u0111\u1ea3m b\u1ea3o thi\u1ebft b\u1ecb \u0111ang k\u1ebft n\u1ed1i v\u1edbi m\u1ea1ng Internet \u1ed5n \u0111\u1ecbnh. Vi\u1ec7c n\u00e0y gi\u00fap ng\u0103n ch\u1eb7n t\u00ecnh tr\u1ea1ng gi\u00e1n \u0111o\u1ea1n kh\u00f4ng mong mu\u1ed1n trong qu\u00e1 tr\u00ecnh <\/span><b>t\u1ea3i app Hubet<\/b><span style=\"font-weight: 400;\">, \u0111\u1ed3ng th\u1eddi h\u1ed7 tr\u1ee3 vi\u1ec7c c\u00e0i \u0111\u1eb7t di\u1ec5n ra thu\u1eadn l\u1ee3i h\u01a1n.<\/span><\/li>\n<li style=\"font-weight: 400;\" aria-level=\"1\"><span style=\"font-weight: 400;\">Vi\u1ec7c th\u01b0\u1eddng xuy\u00ean n\u00e2ng c\u1ea5p \u1ee9ng d\u1ee5ng l\u00ean phi\u00ean b\u1ea3n m\u1edbi nh\u1ea5t l\u00e0 \u0111i\u1ec1u c\u1ea7n thi\u1ebft, nh\u1eb1m khai th\u00e1c t\u1ed1i \u0111a c\u00e1c t\u00ednh n\u0103ng \u0111\u01b0\u1ee3c c\u1ea3i ti\u1ebfn v\u00e0 mang l\u1ea1i hi\u1ec7u su\u1ea5t ho\u1ea1t \u0111\u1ed9ng t\u1ed1t nh\u1ea5t.<\/span><\/li>\n<li style=\"font-weight: 400;\" aria-level=\"1\"><span style=\"font-weight: 400;\">Tr\u01b0\u1edbc khi ti\u1ebfn h\u00e0nh c\u00e0i \u0111\u1eb7t, kh\u00e1ch h\u00e0ng h\u00e3y ki\u1ec3m tra v\u00e0 d\u1ecdn d\u1eb9p b\u1ed9 nh\u1edb thi\u1ebft b\u1ecb \u0111\u1ec3 \u0111\u1ea3m b\u1ea3o c\u00f3 \u0111\u1ee7 kh\u00f4ng gian tr\u1ed1ng, tr\u00e1nh x\u1ea3y ra l\u1ed7i li\u00ean quan \u0111\u1ebfn dung l\u01b0\u1ee3ng l\u01b0u tr\u1eef.<\/span><\/li>\n<\/ul>\n<figure id=\"attachment_668\" aria-describedby=\"caption-attachment-668\" style=\"width: 800px\" class=\"wp-caption aligncenter\"><img title=\"L\u01b0u \u00fd khi t\u1ea3i Hubet cho ng\u01b0\u1eddi d\u00f9ng\" loading=\"lazy\" decoding=\"async\" class=\"size-full wp-image-668\" src=\"https:\/\/hubet.wine\/wp-content\/uploads\/2026\/05\/tai-app-hubet-3.webp\" alt=\"L\u01b0u \u00fd khi t\u1ea3i Hubet cho ng\u01b0\u1eddi d\u00f9ng\" width=\"800\" height=\"450\"><figcaption id=\"caption-attachment-668\" class=\"wp-caption-text\">L\u01b0u \u00fd khi t\u1ea3i Hubet cho ng\u01b0\u1eddi d\u00f9ng<\/figcaption><\/figure>\n<h2><b>K\u1ebft lu\u1eadn<\/b><\/h2>\n<p><span style=\"font-weight: 400;\">Vi\u1ec7c <\/span><b>t\u1ea3i app Hubet<\/b><span style=\"font-weight: 400;\"> mang \u0111\u1ebfn nhi\u1ec1u l\u1ee3i th\u1ebf r\u00f5 r\u1ec7t cho ng\u01b0\u1eddi ch\u01a1i c\u00e1 c\u01b0\u1ee3c online. \u0110\u1eebng ch\u1ea7n ch\u1eeb, h\u00e3y b\u1eaft \u0111\u1ea7u h\u00e0nh tr\u00ecnh c\u00e1 c\u01b0\u1ee3c ngay h\u00f4m nay t\u1ea1i Hubet \u0111\u1ec3 t\u1eadn h\u01b0\u1edfng ni\u1ec1m vui m\u1ecdi l\u00fac, m\u1ecdi n\u01a1i c\u00f9ng m\u1ed9t trong nh\u1eefng nh\u00e0 c\u00e1i uy t\u00edn b\u1eadc nh\u1ea5t ch\u00e2u \u00c1.<\/span><\/p>\n<\/p><\/div>\n<\/p><\/div>\n<\/div>\n","protected":false},"excerpt":{"rendered":"<p>\u2705TH\u00d4NG TIN \u00a0 Th\u01b0\u01a1ng hi\u1ec7u: HUBET Danh M\u1ee5c: C\u00e1 C\u01b0\u1ee3c Tr\u1ef1c Tuy\u1ebfn S\u1ea3n Ph\u1ea9m Ch\u1ee7 \u0110\u1ea1o: Casino Online N\u0103m Th\u00e0nh L\u1eadp: 2019 \u0110\u1ecba ch\u1ec9: 03 L\u00ea Thanh Ngh\u1ecb, Ho\u00e0 C\u01b0\u1eddng B\u1eafc, H\u1ea3i Ch\u00e2u, \u0110\u00e0 N\u1eb5ng 50000, Vi\u1ec7t Nam Email: support@xoi.us.com Hotline: 0375 704 385 Website: https:\/\/xoi.us.com\/ Hashtag: #hubet #hubetdecom #hu_bet #hubet_casino\u00a0 #CasinoOnline #T\u00e0iX\u1ec9u \u00a0\u2705S\u1ea2N PH\u1ea8M [&#8230;]\n","protected":false},"author":1,"featured_media":127,"parent":0,"menu_order":0,"comment_status":"closed","ping_status":"closed","template":"","meta":{"footnotes":""},"class_list":["post-122","page","type-page","status-publish","has-post-thumbnail","hentry"],"_links":{"self":[{"href":"https:\/\/hubet.wine\/index.php\/wp-json\/wp\/v2\/pages\/122","targetHints":{"allow":["GET"]}}],"collection":[{"href":"https:\/\/hubet.wine\/index.php\/wp-json\/wp\/v2\/pages"}],"about":[{"href":"https:\/\/hubet.wine\/index.php\/wp-json\/wp\/v2\/types\/page"}],"author":[{"embeddable":true,"href":"https:\/\/hubet.wine\/index.php\/wp-json\/wp\/v2\/users\/1"}],"replies":[{"embeddable":true,"href":"https:\/\/hubet.wine\/index.php\/wp-json\/wp\/v2\/comments?post=122"}],"version-history":[{"count":0,"href":"https:\/\/hubet.wine\/index.php\/wp-json\/wp\/v2\/pages\/122\/revisions"}],"wp:featuredmedia":[{"embeddable":true,"href":"https:\/\/hubet.wine\/index.php\/wp-json\/wp\/v2\/media\/127"}],"wp:attachment":[{"href":"https:\/\/hubet.wine\/index.php\/wp-json\/wp\/v2\/media?parent=122"}],"curies":[{"name":"wp","href":"https:\/\/api.w.org\/{rel}","templated":true}]}}